Suppose 13 = -2*c + r + 517, -1002 = -4*c - r. Let g(j) = 2*j**2 + 5*j - c*j**3 + 250*j**3 - 4*j**2 - 1 - 1. Calculate g(-4).
10
Suppose -2*j + 3*i + 12 + 9 = 0, -4*j - i = -7. Suppose 7*y + j*y = -50. Let v(x) = 5*x + 25. Let b(m) = m + 5. Let f(q) = 11*b(q) - 2*v(q). Calculate f(y).
0
Let q = 17 - 15. Let r be q + -5 + 3 - -3. Let u(n) = 5 - n - 5. Calculate u(r).
-3
Let r be 21/9 + (-4)/(-6). Suppose 2*u - 6 = -3*p, -r*u + 9 = p - 3*p. Let x(b) = -3*b**3 - 6*b**2 + 3*b**3 + u + b**3 + 4*b. Determine x(5).
-2
Let c(h) = -h**2 + 7*h - 8. Let k(q) = q**2 + 3*q - 22. Let j be k(4). Determine c(j).
-2
Let v(z) = 11*z**2 - z. Suppose 5*b - 14 = -4. Suppose 0 = a + s - 3, -4 = -3*s + b*s. Calculate v(a).
12
Suppose -2*q - 8 = 0, 6*z - 5 = z - 5*q. Let i(m) = -m**3 + 4*m**2 + 5*m - 9. Determine i(z).
-9
Suppose 424 = 61*n - 8*n. Let t(b) = -5*b + 35. What is t(n)?
-5
Let p(w) = w**2 + 24*w + 4. Suppose 0 = -3*m - v - 73, -2*m - 4*v - 4 = 48. Determine p(m).
4
Let m(g) = g**2 + 8*g - 7. Let q be m(-8). Let l(f) = f**3 + 8*f**2 + 8*f + 8. Give l(q).
1
Suppose -3*k - k = 5*u - 11, -u = -4*k - 7. Suppose 0 = -5*z - 2*o - 19, u*z + 7 + 8 = -3*o. Let l(s) = s**3 + 5*s**2 + 5*s + 2. Calculate l(z).
5
Let n(v) = -110*v**2 - 1 + 106*v**2 - 1 + 5*v + v**3. Calculate n(3).
4
Let t(d) = -d**2 + d - 2. Suppose -31 = -7*b - 10. Calculate t(b).
-8
Suppose 4*v = -0*p + 5*p - 45, 0 = -3*v - 4*p - 26. Let w(b) = -b**2 - 12*b + 3. What is w(v)?
23
Let q(i) = -2*i - 4 - 8*i**3 + 9*i**3 - i**2 + 3. Let c(h) = 31*h + 30. Let d be c(-1). What is q(d)?
-1
Let m(b) = 6*b - 16. Let q be m(3). Let j(r) = -5 + 0 + 4 - 5*r + q*r - r**2. Give j(-5).
-11
Let x(l) = 9*l - 15 + 4 + 5 - 2*l**2. Let s be (4/8)/((-6)/(-72)). What is x(s)?
-24
Let i(h) = -54*h + 804. Let c be i(15). Let x(y) = 2*y**2 + 11*y - 5. Calculate x(c).
1
Let u be (-3)/(-1) + (-15 - -18). Let h(i) = 4*i - 9. What is h(u)?
15
Let a be 22/4 - -5*(-9)/(-90). Let v(d) be the third derivative of 1/6*d**3 + 0*d**4 + 0 + 0*d + 0*d**5 + 1/15*d**a - 5*d**2. What is v(1)?
9
Let k(b) = -b**3 - 36*b**2 + 77*b + 50. Let d be k(-38). Let c(m) = -m - 14. Give c(d).
-26
Let h(o) = -o + 3. Let g = 6 - 3. Let a be h(g). Let l(j) be the second derivative of -j**4/12 - 3*j**2 + 48*j. Determine l(a).
-6
Let m be 32/6 + (-40)/(-6) + -7. Let u(w) be the third derivative of w**4/12 - w**3/3 + w**2. Calculate u(m).
8
Let j(c) = 9*c**2 + 11*c + 1. Suppose 5*g - 11 = 14. Let w(p) = -17*p + 2 - 8*p**2 - 6*p**2 - 4 + 0*p**2. Let k(y) = g*w(y) + 8*j(y). Determine k(-3).
7
Let i(f) = 2*f**2 - 5 + 4 - 1. Let s be (4 + 21/(-14))*(-4)/(-2). Suppose x - 1 = -2, s*y = x - 9. Calculate i(y).
6
Let a(j) = -1 - 2*j - j - 2*j - j**2. Suppose -4*r + 8*r = 0. Suppose -5*s = -3*b, 7 = -2*b - r*s + s. Give a(b).
-1
Suppose -4*y = -5*z + z + 40, 5*y - 2*z = -35. Let g(o) = -o**2 - 7*o - 2. What is g(y)?
8
Let v = 17 + -13. Let o(m) = 9 + v + m**2 - 7*m - 20. Calculate o(7).
-7
Let r(f) = f**2 - 6. Suppose -5*m + m = 0. Suppose 5*k + 25 = -3*v - m*v, 0 = 2*v + 5*k + 25. Calculate r(v).
-6
Let g(u) be the first derivative of 3*u**2/2 + 3*u + 52. What is g(-9)?
-24
Let a(l) = l**3 - 3*l**2 - 4*l + 3. Let v(m) = 2*m + 20. Let i(p) = -p - 10. Let c(u) = -5*i(u) - 2*v(u). Let b be c(-6). What is a(b)?
3
Suppose -24 = -22*b - 2. Let m(i) be the first derivative of -i**3/3 + i**2 - 3. Calculate m(b).
1
Let z(d) be the first derivative of -d**2/2 + 8*d + 7. Let p be z(7). Let h(b) = b**3 - b + 1. Calculate h(p).
1
Suppose 0 = 3*y - 3*p - 9, 5*p + 0 - 3 = -y. Suppose m - j - y = 2*m, 4*m = -j - 12. Let g(s) = s + 2. Determine g(m).
-1
Let g be -2*(105/(-14) + 6). Let t(l) = l**3 - 2*l**2 + 2*l + 4. Calculate t(g).
19
Let i(d) = 5*d - 3 - 2*d**2 + 2 - 2*d + d + 3*d**2. Give i(-3).
-4
Let d = -1935 + 1928. Let k(g) = -2*g**3 - 15*g**2 - 4*g + 23. What is k(d)?
2
Let d(m) = m**3 - 3*m**2 - m + 2. Let h(f) be the second derivative of -f**5/20 - 7*f**4/6 - f**3/6 - 6*f**2 + 15*f. Let w be h(-14). Calculate d(w).
-4
Suppose -16 = -4*h, -4*h - 20 = 2*c - 3*h. Let p = c - -14. Let x(g) = g**3 - 3*g + 3. Give x(p).
5
Let v(g) be the third derivative of 0*g**3 + 0*g + 36*g**2 + 1/24*g**4 + 0. Calculate v(0).
0
Let m(q) = -q**3 - 3*q**2 + q - 1. Let b(w) = w**3 + w. Let p(h) = 2*b(h) - m(h). Let g(d) = d**2 - 2*d - 2. Let r be g(2). Give p(r).
-13
Let v be 13/3 - (-3)/(-9). Let y(x) = 5*x + x - x**2 - x - v. Let o be (-4)/1*-2*(-204)/(-544). Calculate y(o).
2
Let q = -664 + 669. Let y(n) = n**3 - 7*n**2 + 4*n - 7. Calculate y(q).
-37
Let i(z) = -z**3 + 13*z**2 - 2*z + 27. Let y be i(13). Let n(r) = -11*r - 1. Let c be n(-1). Let q(a) = 2 + a - c - y + 0. Determine q(0).
-9
Let x(i) = -6*i + 18. Let m(f) = -5*f + 15. Let j(c) = -5*m(c) + 4*x(c). Determine j(8).
5
Let m(b) = 2*b**2 + 13*b - 5. Let c(p) = -p**2 - 7*p + 3. Let q(a) = -5*c(a) - 3*m(a). Suppose 45 = -5*h - 3*i, h - 3*i + 5*i = -16. Calculate q(h).
-12
Let c(h) = -h**2 + 2*h + 14. Suppose 281 - 31 = 50*q. Determine c(q).
-1
Let y(h) = -h**3 - 1. Let k(s) = s**2 + 9*s + 19. Let x be k(-6). Determine y(x).
-2
Suppose -2 = 3*l - 11. Let w be 18/(-45)*-5*l. Let k(q) = -q. What is k(w)?
-6
Let l = 46 + -44. Let z(n) = 0 - 35*n - l + 35*n + n**2. Determine z(-3).
7
Let y be 1/1*(-3 + -3). Let s(b) be the second derivative of 0 + 7/2*b**2 + 1/6*b**3 + 9*b. Give s(y).
1
Let a(g) = 3*g**2 + 5. Let z(j) = 2*j**2 + 4. Let b(q) = -3*a(q) + 4*z(q). Suppose -5*u = 5, 2*u + 8 = 6*h - 3*h. Give b(h).
-3
Let p(o) = o - 6. Let s be p(9). Suppose -3 - s = -2*k. Let c(v) = 1 + v - 95*v**k + 3 + 94*v**3 + 5*v**2. Give c(5).
9
Let p(j) = 5*j. Suppose -c - u - 4 + 7 = 0, 2*c - 10 = -3*u. Give p(c).
-5
Let k(s) = -s**3 - 8*s**2 + 9*s - 1. Suppose 0 = -h + 7 - 3. Let r = -13 + h. Give k(r).
-1
Let q(n) be the second derivative of n**3/6 - 15*n**2/2 - 3*n + 13. Let f be 4/(-14) + 4/14. Determine q(f).
-15
Let j(d) = -3*d**3 - 1325 - 9*d**2 - 1334 + 2*d**3 + 2660 + 5*d + 0*d**2. What is j(-9)?
-44
Suppose -2*c - 38 = c - 5*a, c = 4*a - 22. Let u(b) be the third derivative of -b**6/120 - b**5/10 - 4*b**3/3 - b**2 - 390. Calculate u(c).
-8
Let d(r) = r**2 - 3*r - 7. Let v = 228 - 223. Calculate d(v).
3
Let s(o) be the first derivative of o**3/3 - 2*o**2 + 2. Let m be ((950/(-20))/(-19))/(15/24). What is s(m)?
0
Let x(a) be the first derivative of 1 + 1/4*a**4 + a**2 + 3*a + 5/3*a**3. What is x(-4)?
11
Let w(i) = -i**2 + 10*i - 5. Let n(v) = -v**3 + v**2 + 2*v. Suppose 2*y + 2 = -2*z, 6*z = 3*y + z + 11. Let r be n(y). Determine w(r).
11
Let d(f) = 3*f**2 + 4*f + 8. Let u(r) = -2*r**2 + 2*r - 1. Let o(p) = -d(p) - 2*u(p). Let j(c) = -7*c**3 + 2*c**2 - 1. Let q be j(-1). What is o(q)?
-6
Let n(l) = 2*l**2 + 7*l + 2. Suppose 8*j + 41 = 1. Determine n(j).
17
Let r(k) = -2*k + 2. Suppose -60 = 38*w - 28*w. Determine r(w).
14
Suppose i = -4*i + 5*y + 45, -2*i + 4*y = -28. Let u(d) = -d**2 + 3*d - 6. What is u(i)?
-10
Let z(t) = 2*t - 12. Let x be z(7). Suppose -3 = -x*d - 1. Let p(b) = 3*b**3 - b**2 + 2*b - 1. What is p(d)?
3
Let c(o) = 6*o**2 + 14*o - 142. Let l(a) = -2*a**2 - 5*a + 50. Let h(r) = -6*c(r) - 17*l(r). What is h(2)?
-4
Let l = -686 + 692. Let u(a) = 4*a - 10. Let k(g) = -5*g + 11. Let z(x) = -2*k(x) - 3*u(x). Calculate z(l).
-4
Let b(v) be the third derivative of v**6/120 + v**5/10 + 7*v**4/24 + 2*v**3/3 + 3*v**2 + 7. Suppose 4*n + 0*i = i - 19, 5*n + 14 = -2*i. What is b(n)?
8
Suppose 0 = -5*l + 4*j + 9, 1 = -5*l + 5*j + 6. Let m be (-10)/(-2) + 4 + -3. Let r(w) = -3*w - 2. Let b(o) = -o - 1. Let c(d) = m*r(d) - 17*b(d). What is c(l)?
0
Let x(j) = 7*j. Let i(b) = -47*b. Let m(f) = -i(f) - 6*x(f). Suppose 3 = 3*p + 9. What is m(p)?
-10
Let p = -12 - -7. Let b(l) = -3*l - 5. Let t(j) = 8*j - 5. Let x(a) = a - 1. Let m(n) = 2*t(n) - 14*x(n). Let v(s) = p*b(s) - 6*m(s). Determine v(-2).
-5
Let p(y) = -y**2 - y. Let u(d) = -d**3 + 5*d**2 + 6*d. Let j(l) = -4*p(l) - u(l). Suppose -11 = 5*v + i, -4*v - 2*i - 6 = 4. Give j(v).
-8
Let p(o) be the second derivative of o**6/360 + o**5/15 - o**4/2 - 13*o**3/3 + 39*o. Let n(q) be the second derivative of p(q). Give n(-9).
-3
Let u(n) = -10*n**2 + 7*n + 7. Let y(p) = -21*p**2 + 15*p + 15. Let a(i) = 9*u(i) - 4*y(i). Give a(-2).
-27
Suppose 2*t + a = -2 - 4, -2*t + 4*a = 6. Let z(u) be the sec